e 2*b - 6*b = 12. Let k(z) = -2*z**3 + 2*z**2 + 3*z - 2. What is the tens digit of k(b)?
6
Let r be 12/90 - (8/60 + 1). Let y(h) = h**2 + 7*h + 8. Let w be y(-6). What is the units digit of (r/w - -1)*10?
5
Let m = -13 + 35. Suppose 0 = -14*c + m*c - 392. What is the tens digit of c?
4
Let z(c) = 5*c + 4*c + 44*c**2 + 3*c**3 - 27*c**2 + 3 - 2*c**3. What is the units digit of z(-15)?
8
Let h(m) = m + 15. Let s be h(-9). Suppose -10 = -x + s. What is the units digit of x?
6
Suppose -4*f - 6 = -f - 4*l, -2*l = 5*f - 16. Suppose 56 = f*x - 326. What is the units digit of x?
1
What is the tens digit of (-4270)/183*(-2 - (0 - -22))?
6
Let o(g) = 312*g**2 + g + 2. Suppose -4*j - 344 = -340. What is the hundreds digit of o(j)?
3
Let g = -159 + 173. Suppose w + 4*r - g = 6, -32 = -4*w - 4*r. What is the units digit of w?
4
Let y be (1 - 1/2)/((-20)/(-80)). Suppose -y*m - 278 = -2*i, -m + 261 = 4*i - 275. What is the tens digit of i?
3
Let n(d) = 9*d**3 - 6*d**2 + 4*d - 3. Let t be n(2). Suppose -a = 5*h - 50, a - 2*h = 2*a - t. What is the tens digit of a?
5
Let m(q) = q**2 - 5*q + 328. What is the hundreds digit of m(0)?
3
Let p(g) = -2*g + 73. Let i be p(32). Suppose -648 = 7*t - i*t. What is the tens digit of t?
2
Let y = -235 + 633. What is the units digit of y/16 - 4/(-32)?
5
Let w be (-292)/(-3) + 4/6. Suppose -2*s + 226 = 5*v - 4*s, -2*v - 3*s = -w. What is the units digit of v?
6
Let d be -3 + (-24)/(-4) + 1. Suppose -g = k - 83, 0*k + g = d*k - 317. Suppose n - 3*a - k = -4*n, 0 = 2*a - 10. What is the tens digit of n?
1
Let s = 21 + -14. Suppose -s*a + 48 = -3*a. What is the units digit of a?
2
Suppose -3*s - 33 = 3*o, -4*s + 7*s - o = -53. Let w be s/(-6)*15/10. Suppose -w*k + 169 = 5*y, 4*k - 5*k + 2*y + 26 = 0. What is the tens digit of k?
3
Let w = 54 - 52. Suppose w*y - 5 = -3*y - 4*i, 2*y = -i + 5. What is the units digit of y?
5
Suppose 3*i - o = o - 16, 0 = 4*o + 16. Let y(v) = -v**3 - 6*v**2 + 8*v - 11. What is the tens digit of y(i)?
5
Suppose 15*x + 226 = 19456. What is the tens digit of x?
8
Suppose s - 269 = -3*o, -2*o - 3*o + 1315 = 5*s. Let p = s + -60. What is the tens digit of p?
0
Suppose -3*t - w = -97 - 556, -4*w + 8 = 0. What is the tens digit of t?
1
Let p(t) = 491*t**3 - 2*t**2 + 3*t. What is the tens digit of p(2)?
2
Let k = 5872 + -2828. What is the tens digit of k?
4
Let d = 795 - -102. What is the tens digit of d?
9
Let n be 2/6*3 + -1. Suppose 6*c - 5*t - 150 = c, n = c + 3*t - 50. Let g = c + -25. What is the units digit of g?
0
Let q be (1 - -136) + 0/5. Suppose 0 = -g + 2*p + 28, 4*g = -0*p + 3*p + q. What is the units digit of g + 5/(20/(-4))?
7
Let a be (-2)/(7 + -3)*-2 - -175. Let x = a + -65. What is the tens digit of x?
1
Let w(s) = -5*s**3 - 27*s**2 + 17*s + 4. What is the tens digit of w(-8)?
0
What is the thousands digit of (19/(133/(-98)))/(2/(-266))?
1
Let c(g) = -3*g**2 + 11*g - 9. Let r(k) = -k**2 + 1. Let p(u) = -c(u) + 2*r(u). Let q be ((-22)/8)/((-23)/92). What is the tens digit of p(q)?
1
Suppose -2*t = -4*x - 2, -2*t = -6*t - 5*x + 30. Suppose -3*l + 12 + 6 = m, 0 = t*l + 2*m - 30. What is the units digit of l?
6
Let s(a) = -173*a - 11. What is the units digit of s(-7)?
0
Let p(q) = 60*q**2 + q - 2. What is the units digit of p(1)?
9
Suppose 771 = 8*v - 213. What is the units digit of v?
3
Let a(s) = -s**2 - 13*s + 5. Let f be a(-8). What is the units digit of f/60*(47 - -1)*4?
4
Let p(x) be the second derivative of -x**3/3 + 11*x**2/2 - 12*x. What is the units digit of p(5)?
1
Suppose 2 = x + 3*t - 7, -x + t = -1. Suppose 20 = n + x*n. Suppose -n*m + 0*r + 86 = 4*r, -4*m - r = -60. What is the tens digit of m?
1
Let s(v) be the third derivative of v**6/120 - 2*v**5/15 + v**4/3 - 3*v**3 - 371*v**2. Let o be (0 + -4)/((-2)/4). What is the tens digit of s(o)?
4
Let g(z) = z**3 + 24*z**2 - 56*z - 24. What is the tens digit of g(-23)?
9
Let b(c) = 4*c**2 + 1 - 2 + 2*c + 0 - 5*c**2. Let l be b(1). Suppose f + 4*f - 50 = l. What is the units digit of f?
0
Let l(z) = -2*z + 4. Let d be l(-6). Suppose 0 = 5*h - 24 - d. Let i = h + 14. What is the units digit of i?
2
Let k(t) = 66*t**2 + 13*t - 41. What is the units digit of k(3)?
2
What is the hundreds digit of 1454*17/4 - 27/54?
1
Let i(s) = -s**3 - 6*s**2 - 16*s - 6. Let f be i(-8). Let t = -137 + f. What is the tens digit of t?
1
Let t(j) be the first derivative of 62*j**3/3 - 3*j**2/2 + 5*j - 43. What is the tens digit of t(2)?
4
Suppose 0 = -3*j - s + 4, -5*s + 7 = 2*j - 13. Suppose -3*b = 3, j = -5*l + b + b + 427. What is the tens digit of l?
8
Let s(u) = 3*u**3 - 8*u**2 - 14*u - 4. What is the units digit of s(7)?
5
Let a(w) = 2*w**3 + 2*w**2 - 2*w + 4. Let o = -20 - -23. What is the tens digit of a(o)?
7
Suppose -4*j + 333 - 77 = 0. Let y = -28 + j. What is the tens digit of y?
3
Let c(d) = -16*d - 2. Let l be c(-2). Suppose 23*o = 38*o - 165. Let s = l - o. What is the tens digit of s?
1
Let t(n) = 48*n**2 + 63*n - 17. What is the units digit of t(4)?
3
Suppose -3*p - 2*l = -872 - 623, 5*l + 965 = 2*p. What is the units digit of p?
5
Let d be 1 - (-3 - (2 + -1)). Suppose 0*p + d*p - 475 = 0. What is the tens digit of p?
9
Let t be ((-8)/14)/(8/(-28)). Suppose 7*o - 4*h - 28 = t*o, -2*h + 6 = 0. What is the tens digit of ((-12)/o)/(3/(-44))?
2
Let c(d) = d**2 + 16*d + 32. What is the units digit of c(-23)?
3
Let c be (4/6)/((-4)/(-6)). Let d = c + 27. What is the units digit of d?
8
Let b(u) be the second derivative of -u**5/20 - 3*u**4/2 - 10*u**3/3 + 17*u**2/2 + 10*u. What is the units digit of b(-17)?
8
Let k = 23 - 23. Suppose -3*a + 2*a - 4*g + 24 = k, -3*g = 2*a - 23. What is the tens digit of a + 31 + (-3 - -6)?
3
Let q = 8430 - 4455. What is the units digit of q?
5
Let y(d) = d - 1. Let t be y(3). Suppose -2*x - 4 = 0, x - 146 = -4*k - t*x. Suppose -k - 4 = -3*s. What is the tens digit of s?
1
Let b(t) = t + 15. Let d be b(6). Let c = 58 - d. What is the units digit of c?
7
Suppose -5*r = -2*l - 4, 3 + 2 = 4*r - l. Suppose -i = -3*i + 6. Suppose -d = r*t - 57, d + i*d = t - 6. What is the units digit of t?
6
Let m = -1 + 41. Suppose 90 = 5*z - m. Let k = z + -12. What is the tens digit of k?
1
Let a(v) = -v + 4. Let x be a(2). Let o(b) = -x + 3 + 2 + 5 + b. What is the units digit of o(-7)?
1
Let x = -61 + 208. What is the tens digit of x?
4
Let t(n) = -4*n**2 + 179*n + 8. What is the hundreds digit of t(29)?
8
Let j be ((-2)/((-2)/21))/(-1). Let l be 6/j + (-46)/(-14). What is the units digit of l + -2 + 12 + -4?
9
Let u = -356 + -240. Let h = 144 + u. What is the units digit of (-2)/(3 - h/(-148))?
7
Suppose 4*b - 2401 = -5*q, -7*q = -2*q + 3*b - 2402. What is the hundreds digit of q?
4
Let s = -22 + 12. Let g(i) = -i**2 - 16*i - 7. What is the units digit of g(s)?
3
Suppose 3*c = 4*x - 0*c - 3371, -5*x = -3*c - 4210. What is the units digit of x?
9
Let j(u) = -5*u**2 - 3*u - 1. Let l(d) = 2*d**2 + 2*d. Let t(f) = -3*j(f) - 7*l(f). Let y be t(5). Suppose -60 = -s - y*s. What is the tens digit of s?
1
Let s(q) = -5*q + 22. Let o be (3 + -1 - 2) + 40. Let r be ((-1)/(-1))/((-4)/o). What is the tens digit of s(r)?
7
Let z(k) = -k + 5. Suppose 0 = -2*a - a - 90. Let j = a + 18. What is the units digit of z(j)?
7
Let u = 53 - 78. Let j = u + 33. What is the units digit of j?
8
Let r = -8 - -12. What is the tens digit of (61 - (-8 + r)) + 3?
6
Suppose -5*b + 110 + 160 = 0. Suppose 4*p + 2*l = 246, 0 = -p - 0*p + 2*l + b. What is the tens digit of p?
6
Let f(o) = 16*o + 55. What is the hundreds digit of f(34)?
5
Suppose 2*i - 2*g - 2752 = 8642, -3*g + 22774 = 4*i. What is the thousands digit of i?
5
Suppose -13 + 5 = 4*t. Let k be ((-1)/t)/(9/(-18)). What is the units digit of (-3)/k + -4 + 3?
2
Let r = 13 + -13. Suppose -3*b - 2*h = -42, r*h + 4*h - 42 = -3*b. What is the tens digit of 304/b + (-6)/(-21)?
2
What is the tens digit of 67826/42 + ((-1595)/231 - -7)?
1
What is the tens digit of 9 + (-15 - 5) + 2552?
4
Let d(v) = -4*v - 5. Suppose -c = -3*c - 26. What is the tens digit of d(c)?
4
Suppose 0*p - 2*p - 52 = 0. Let g be p/(2/2*2). What is the tens digit of 4/(-26) + (-210)/g?
1
What is the units digit of 2519 - (-1*4)/((-2)/(-4))?
7
Let c be (0 + -1)/(-1) - -1. Suppose -13 = -5*o + c. Suppose 0 = o*f - 8*f + 195. What is the un